{"id":34,"date":"2012-07-02T07:27:59","date_gmt":"2012-07-02T07:27:59","guid":{"rendered":"http:\/\/wp.dipxx.com\/?page_id=34"},"modified":"2012-09-07T14:37:53","modified_gmt":"2012-09-07T14:37:53","slug":"team","status":"publish","type":"page","link":"https:\/\/prima-presse.de\/?page_id=34","title":{"rendered":"Profil"},"content":{"rendered":"<h1>Sibylle Gassner macht Prima-Presse<\/h1>\n<p style=\"text-align: left;\" align=\"center\"><img loading=\"lazy\" decoding=\"async\" class=\"wp-image-105 alignright\" title=\"Sibylle Gassner am 31. Oktober 2009\" src=\"https:\/\/prima-presse.de\/wp-content\/uploads\/2012\/07\/foto-199x300.jpg\" alt=\"\" width=\"134\" height=\"203\" srcset=\"https:\/\/prima-presse.de\/wp-content\/uploads\/2012\/07\/foto-199x300.jpg 199w, https:\/\/prima-presse.de\/wp-content\/uploads\/2012\/07\/foto.jpg 680w\" sizes=\"(max-width: 134px) 100vw, 134px\" \/>Nach dem Studium der Literaturwissenschaft begann Sibylle Gassner 1986 journalistisch f\u00fcr diverse Hamburger Tageszeitungen und Stadtmagazine zu arbeiten.<\/p>\n<p style=\"text-align: left;\" align=\"center\">Ab April 1988 \u00fcbernahm Sie die Kinoredaktion des ersten privaten Hamburger Regionalsenders RTL Nord und gestaltete unter Eigenregie ein w\u00f6chentliches 15min\u00fctiges Kinomagazin. Das Format war so erfolgreich, dass es an weitere RTL-Regionalsender verkauft werden konnte, wie Niedersachsen, Schleswig-Holstein, NRW, Hessen und Bayern.<\/p>\n<p style=\"text-align: left;\" align=\"center\">Nach der Geburt ihrer beiden Kinder Lina und Lasse, war Sibylle Gassner erstmals f\u00fcr die j\u00fcngere Zielgruppe t\u00e4tig. Im Zeitraum von 1997 bis 1999 schrieb sie im Auftrag des NDRs 15 Drehb\u00fccher f\u00fcr die &#8222;Sesamstra\u00dfe&#8220;, die von Studio Hamburg produziert wurden.<\/p>\n<p style=\"text-align: left;\" align=\"center\">Ebenfalls 1999 erschien ihr erstes Kinderbuch f\u00fcr den Arena Verlag, ein Comic f\u00fcr Erstleser: \u201eLasse und der Superfu\u00dfball\u201c. Im selben Jahr fing sie an, Beitr\u00e4ge f\u00fcr den Regionalsender sat.1 Nord zu realisieren, etliche bunte -, wie auch Kulturthemen.<\/p>\n<p style=\"text-align: left;\" align=\"center\">1999 begann ebenfalls ihre Mitarbeit an dem edelkids Kindermagazin, f\u00fcr das sie ab 2000 allein verantwortlich zeichnete. Das edelkids Kindermagazin war das Presseorgan der Kinderabteilung der Plattenfirma edel media &amp; entertainment und erschien vier Mal im Jahr bis 2002. Im selben Jahr wurden auch zwei H\u00f6rspiele ver\u00f6ffentlicht, zu denen Sibylle Gassner die B\u00fccher schrieb.<\/p>\n<p style=\"text-align: left;\" align=\"center\">Bis heute schreibt sie im Auftrag diverser Plattenfirmen K\u00fcnstlerbiographien.<\/p>\n<p style=\"text-align: left;\" align=\"center\">\u00a0Seit 1999 hat sich Sibylle Gassner zudem auch auf Presse-Promotion spezialisiert, insbesondere auf Kinderthemen. Auch hier n\u00e4hert Sie sich einem Produkt gerne \u00fcber den Text an.<\/p>\n<p style=\"text-align: left;\" align=\"center\">\u201eBevor ich ein Thema anfange zu arbeiten, versuche ich die Seele des Albums, des Films oder des K\u00fcnstlers zu erfassen. Wenn ich die verstanden habe, schreibe ich erst einmal den Pressetext.\u00a0 Wenn der fertig ist, steht auch meine \u00dcberzeugung zu dem Produkt. Der Rest ist dann eigentlich nur noch ein Kinderspiel\u201c.<\/p>\n<p style=\"text-align: left;\" align=\"center\">Ein sehr gutes Gesp\u00fcr f\u00fcr Menschen und ein geradezu elefant\u00f6ses Ged\u00e4chtnis unterst\u00fctzen sie bei ihrer Arbeit. \u201eIch merke mir die Vorlieben und Geschm\u00e4cker der Journalisten und Redakteure und die der K\u00fcnstler. Ich wei\u00df in der Regel sehr schnell, welche Verbindung fruchtet, wen ich f\u00fcr eine Sache entflammen und wie und wo ich gar einen t\u00fcchtigen Brand legen kann.\u201c<\/p>\n<p style=\"text-align: left;\" align=\"center\">Da Sibylle Gassner selbst von der journalistischen Seite kommt, wei\u00df sie genau, wie die Kollegen aus der Presse ticken. \u201eIch halte nichts vom Bl\u00e4hstil der ma\u00dflosen \u00dcbertreibungen, da wittert doch jeder gleich laue Luft. Ich schwatze niemanden etwas auf. Indem ich den Geist des Produkts vermittle, kann ich \u00fcberzeugen.\u201c<\/p>\n","protected":false},"excerpt":{"rendered":"<p>Sibylle Gassner macht Prima-Presse Nach dem Studium der Literaturwissenschaft begann Sibylle Gassner 1986 journalistisch f\u00fcr diverse Hamburger Tageszeitungen und Stadtmagazine zu arbeiten. Ab April 1988 \u00fcbernahm Sie die Kinoredaktion des ersten privaten Hamburger Regionalsenders RTL Nord und gestaltete unter Eigenregie ein w\u00f6chentliches 15min\u00fctiges Kinomagazin. Das Format war so erfolgreich, dass es an weitere RTL-Regionalsender verkauft [&hellip;]<\/p>\n","protected":false},"author":2,"featured_media":0,"parent":0,"menu_order":4,"comment_status":"open","ping_status":"open","template":"","meta":{"footnotes":""},"_links":{"self":[{"href":"https:\/\/prima-presse.de\/index.php?rest_route=\/wp\/v2\/pages\/34"}],"collection":[{"href":"https:\/\/prima-presse.de\/index.php?rest_route=\/wp\/v2\/pages"}],"about":[{"href":"https:\/\/prima-presse.de\/index.php?rest_route=\/wp\/v2\/types\/page"}],"author":[{"embeddable":true,"href":"https:\/\/prima-presse.de\/index.php?rest_route=\/wp\/v2\/users\/2"}],"replies":[{"embeddable":true,"href":"https:\/\/prima-presse.de\/index.php?rest_route=%2Fwp%2Fv2%2Fcomments&post=34"}],"version-history":[{"count":14,"href":"https:\/\/prima-presse.de\/index.php?rest_route=\/wp\/v2\/pages\/34\/revisions"}],"predecessor-version":[{"id":627,"href":"https:\/\/prima-presse.de\/index.php?rest_route=\/wp\/v2\/pages\/34\/revisions\/627"}],"wp:attachment":[{"href":"https:\/\/prima-presse.de\/index.php?rest_route=%2Fwp%2Fv2%2Fmedia&parent=34"}],"curies":[{"name":"wp","href":"https:\/\/api.w.org\/{rel}","templated":true}]}}